{"id":161,"date":"2024-06-22T02:15:46","date_gmt":"2024-06-22T02:15:46","guid":{"rendered":"https:\/\/diceled.com.mx\/store\/?post_type=product&#038;p=161"},"modified":"2024-06-22T02:15:46","modified_gmt":"2024-06-22T02:15:46","slug":"led-rgb","status":"publish","type":"product","link":"https:\/\/diceled.com.mx\/store\/producto\/led-rgb\/","title":{"rendered":"Led RGB"},"content":{"rendered":"<p>Es una herramienta vers\u00e1til para proyectos de iluminaci\u00f3n y visualizaci\u00f3n que requieren una amplia gama de colores. Su capacidad para mezclar intensidades de rojo, verde y azul ofrece flexibilidad en el dise\u00f1o de iluminaci\u00f3n decorativa, pantallas LED y efectos visuales din\u00e1micos en aplicaciones electr\u00f3nicas y de entretenimiento.<\/p>\n","protected":false},"excerpt":{"rendered":"<p>Es una herramienta vers\u00e1til para proyectos de iluminaci\u00f3n y visualizaci\u00f3n que requieren una amplia gama de colores. Su capacidad para mezclar intensidades de rojo, verde y azul ofrece flexibilidad en el dise\u00f1o de iluminaci\u00f3n decorativa, pantallas LED y efectos visuales din\u00e1micos en aplicaciones electr\u00f3nicas y de entretenimiento.<\/p>\n","protected":false},"featured_media":162,"comment_status":"open","ping_status":"closed","template":"","meta":[],"product_cat":[33],"product_tag":[],"class_list":{"0":"post-161","1":"product","2":"type-product","3":"status-publish","4":"has-post-thumbnail","6":"product_cat-iluminacion","8":"first","9":"instock","10":"shipping-taxable","11":"purchasable","12":"product-type-simple"},"jetpack_sharing_enabled":true,"_links":{"self":[{"href":"https:\/\/diceled.com.mx\/store\/wp-json\/wp\/v2\/product\/161","targetHints":{"allow":["GET"]}}],"collection":[{"href":"https:\/\/diceled.com.mx\/store\/wp-json\/wp\/v2\/product"}],"about":[{"href":"https:\/\/diceled.com.mx\/store\/wp-json\/wp\/v2\/types\/product"}],"replies":[{"embeddable":true,"href":"https:\/\/diceled.com.mx\/store\/wp-json\/wp\/v2\/comments?post=161"}],"wp:featuredmedia":[{"embeddable":true,"href":"https:\/\/diceled.com.mx\/store\/wp-json\/wp\/v2\/media\/162"}],"wp:attachment":[{"href":"https:\/\/diceled.com.mx\/store\/wp-json\/wp\/v2\/media?parent=161"}],"wp:term":[{"taxonomy":"product_cat","embeddable":true,"href":"https:\/\/diceled.com.mx\/store\/wp-json\/wp\/v2\/product_cat?post=161"},{"taxonomy":"product_tag","embeddable":true,"href":"https:\/\/diceled.com.mx\/store\/wp-json\/wp\/v2\/product_tag?post=161"}],"curies":[{"name":"wp","href":"https:\/\/api.w.org\/{rel}","templated":true}]}}